{"id":18,"date":"2022-05-15T15:25:01","date_gmt":"2022-05-15T13:25:01","guid":{"rendered":"http:\/\/mathieuthomachot.com\/?page_id=18"},"modified":"2022-05-15T21:18:53","modified_gmt":"2022-05-15T19:18:53","slug":"a-propos-de","status":"publish","type":"page","link":"https:\/\/mathieuthomachot.com\/index.php\/a-propos-de\/","title":{"rendered":"\u00c0 propos de"},"content":{"rendered":"\n<p>Je m&rsquo;appelle Mathieu, je vis en r\u00e9gion grenobloise avec ma femme et mes deux enfants. Depuis tout petit, je suis attir\u00e9 par les sciences et les techniques, mais aussi par les arts. Je suis un touche \u00e0 tout qui aime explorer des sujets \u00e0 fond, et qui peux passer \u00e0 autre chose lorsque la routine s&rsquo;installe.<\/p>\n\n\n\n<p>A 17 ans, j&rsquo;ai fabriqu\u00e9 un t\u00e9lescope avec mon p\u00e8re. Cette exp\u00e9rience fut un premier contact avec le monde des makers. Elle m&rsquo;a donn\u00e9 envie d&rsquo;avoir un jour un atelier dans lequel je pourrais cr\u00e9er toutes sortes de machines.<\/p>\n\n\n\n<p>Ma passion pour les sciences et les techniques m&rsquo;a conduit vers une formation d&rsquo;ing\u00e9nieur. Si j&rsquo;ai appliqu\u00e9 mes connaissances techniques en d\u00e9but de carri\u00e8re, j&rsquo;ai rapidement \u00e9t\u00e9 amen\u00e9 vers d&rsquo;autres domaines comme la vente, le d\u00e9veloppement commercial et m\u00eame le management. Ce sujets sont passionnants, mais m&rsquo;ont \u00e9loign\u00e9 de la technique. Pour combler ce manque, je bricole chez moi.<\/p>\n\n\n\n<p>En bon grenoblois, j&rsquo;aime effectuer mes trajets \u00e0 v\u00e9lo. Je pratique ainsi le v\u00e9lotaf depuis plusieurs ann\u00e9es. Il y a quelques ann\u00e9es, j&rsquo;ai eu envie de tester le v\u00e9lo couch\u00e9. N&rsquo;ayant pas le budget pour acheter un v\u00e9lo de ce type, j&rsquo;ai d\u00e9cid\u00e9 d&rsquo;en construire un. Cette premi\u00e8re exp\u00e9rience avec le soudage m&rsquo;a donn\u00e9 envie d&rsquo;explorer l&rsquo;art de la fabrication des v\u00e9los. J&rsquo;ai donc d\u00e9cid\u00e9 de m&rsquo;am\u00e9nager un atelier dans le but de m&rsquo;autoformer \u00e0 cette discipline. C&rsquo;est dans ce but que je r\u00e9alise tout ce que je partage aujourd&rsquo;hui sur ma cha\u00eene YouTube et sur les r\u00e9seaux sociaux.<\/p>\n","protected":false},"excerpt":{"rendered":"<p>Je m&rsquo;appelle Mathieu, je vis en r\u00e9gion grenobloise avec ma femme et mes deux enfants. Depuis tout petit, je suis attir\u00e9 par les sciences et les techniques, mais aussi par les arts. Je suis un touche \u00e0 tout qui aime explorer des sujets \u00e0 fond, et qui peux passer \u00e0 autre chose lorsque la routine&hellip; <a class=\"more-link\" href=\"https:\/\/mathieuthomachot.com\/index.php\/a-propos-de\/\">Poursuivre la lecture <span class=\"screen-reader-text\">\u00c0 propos de<\/span><\/a><\/p>\n","protected":false},"author":1,"featured_media":0,"parent":0,"menu_order":0,"comment_status":"closed","ping_status":"closed","template":"","meta":{"footnotes":""},"class_list":["post-18","page","type-page","status-publish","hentry","entry"],"_links":{"self":[{"href":"https:\/\/mathieuthomachot.com\/index.php\/wp-json\/wp\/v2\/pages\/18","targetHints":{"allow":["GET"]}}],"collection":[{"href":"https:\/\/mathieuthomachot.com\/index.php\/wp-json\/wp\/v2\/pages"}],"about":[{"href":"https:\/\/mathieuthomachot.com\/index.php\/wp-json\/wp\/v2\/types\/page"}],"author":[{"embeddable":true,"href":"https:\/\/mathieuthomachot.com\/index.php\/wp-json\/wp\/v2\/users\/1"}],"replies":[{"embeddable":true,"href":"https:\/\/mathieuthomachot.com\/index.php\/wp-json\/wp\/v2\/comments?post=18"}],"version-history":[{"count":3,"href":"https:\/\/mathieuthomachot.com\/index.php\/wp-json\/wp\/v2\/pages\/18\/revisions"}],"predecessor-version":[{"id":82,"href":"https:\/\/mathieuthomachot.com\/index.php\/wp-json\/wp\/v2\/pages\/18\/revisions\/82"}],"wp:attachment":[{"href":"https:\/\/mathieuthomachot.com\/index.php\/wp-json\/wp\/v2\/media?parent=18"}],"curies":[{"name":"wp","href":"https:\/\/api.w.org\/{rel}","templated":true}]}}